derivative of c**4/6 - c**3/2 + c. Give a(t).
20
Let p be 270/(-35) + 4/(-14). Let i(j) = -j**2 + 33*j + 156. Let h be i(37). Let t(s) = 6 + 3*s - h*s + 6*s. Determine t(p).
-2
Let l = -39 - -42. Suppose 25 = 4*k + 2*z + 5, l*z = -4*k + 22. Let x(p) = 2*p - 9*p - k - p - p**2 - 3*p. What is x(-11)?
-4
Let m(l) = 2*l**3 - 61*l**2 + 62*l - 2897. Let y be m(31). Let a(k) = k**3 + 15*k**2 + 17*k + 22. Give a(y).
-20
Let z(u) = u**3 - 5*u**2 - 5*u - 4. Let n = 289 + -314. Let d be 1*4/(-5) + (-170)/n. Determine z(d).
2
Let t(z) = 2*z**2 + 6*z - 4. Let c = -23 - -34. Suppose -c*q - 2 - 53 = 0. Determine t(q).
16
Let w(v) = v + 5 + 3 + v**3 - 232*v**2 + 239*v**2 + 0*v**3. Suppose 110*y + 305 + 465 = 0. Give w(y).
1
Let a(f) be the second derivative of f**5/10 - f**4/4 - f**3/6 + 3*f**2/2 + 4*f - 1. Determine a(3).
27
Let h = -65 - -66. Let z(l) be the second derivative of 7*l**5/20 + l**4/12 - l**3/6 + l**2/2 + 2*l. Let m be z(h). Let x(u) = u**2 - 9*u + 5. Give x(m).
-3
Let h(b) = 178*b**3 + b**2 - b. Let t be ((-10)/8 + 2)*8/6. Let w be h(t). Let z(x) = 182 - x**2 + 3*x - w + 0*x**2. Calculate z(3).
4
Suppose -2*h + 68 = 27*y, -3*h - 5*y + 45 = 2*h. Let l(j) be the second derivative of -j**3/6 + j**2/2 + 4*j. What is l(h)?
-6
Let r(c) be the second derivative of -c**5/20 - 3*c**4/4 + 7*c**3/3 + 7*c**2 - 10581*c. Calculate r(-10).
-26
Suppose 19*g + 632 + 3648 = 126*g. Let n(j) = j**3 - 42*j**2 + 78*j + 96. Determine n(g).
16
Suppose 5*y - 134 = -3*q - 90, 0 = -2*q - 14. Let l(s) = -17*s + 201. Calculate l(y).
-20
Let x(p) = 10 - 3 - 4 - 4 - p. Let d(t) = -t**2 + 4*t + 10. Let c(j) = -d(j) - 6*x(j). Determine c(-3).
-1
Let z(b) be the first derivative of -b**4/12 + b**3 + 59*b - 64. Let k(h) be the first derivative of z(h). What is k(6)?
0
Let q(z) = 2*z**3 - 4*z + 3. Let v be q(2). Let a(g) = -17 + 8*g - 2*g + g - 5*g. Let b be a(v). Let d(j) = -j**3 + 5*j**2 - j + 5. Calculate d(b).
0
Let h(g) = 7*g**2 - 13*g + 12. Let b(t) = -6*t**2 + 12*t - 11. Let k be (-3)/2*200/60 + 0. Let j(v) = k*h(v) - 6*b(v). What is j(4)?
-6
Let w(h) = -h**3 - 26*h**2 + 6*h + 150. Let d(q) = q**2 - 17*q - 884. Let r be d(39). Determine w(r).
-6
Suppose -s - 2*b = -10, 3*s + 5*b - 11 - 16 = 0. Suppose -s*t + 4*q + 52 = 0, -t + 0*q - 5*q - 5 = 0. Let h(f) = f - 2. Determine h(t).
8
Let y(a) = -a**3 + 4*a**2 + 1. Let k(o) = -37*o**3 - 2*o**2 + 3*o - 1. Let h be k(1). Let x = h + 48. Let f(n) = -5*n + 58. Let l be f(x). Give y(l).
10
Let j(d) = -2*d**2 - 23*d + 22. Let z be 1918/(-154) + (-42)/77. Determine j(z).
-17
Let g(q) = -8*q**2 - 1445*q + 1622*q + 5 - 20 + 5. Calculate g(22).
12
Let c(d) = -d**2 - 29*d - 48. Suppose -696 = 44*b - 20*b. What is c(b)?
-48
Let y(n) = 16*n**2 + 11*n - 121. Let h(u) = -6*u**2 - 4*u + 43. Let a(m) = -17*h(m) - 6*y(m). Give a(1).
3
Let z(r) = 2*r - 2. Suppose 4*m + 2 = 10. Suppose 1 = n - m*n. Let t be ((-3)/n)/((-9)/12). Calculate z(t).
-10
Let u(v) be the second derivative of 1 + 1/15*v**5 + 1/720*v**6 + 3*v**2 + 1/6*v**4 + 0*v**3 - v. Let o(j) be the third derivative of u(j). Calculate o(8).
16
Let v(g) be the third derivative of -g**4/24 - g**3/6 + 15*g**2. Suppose 5*a + 0*a + 30 = 0. Let b(k) = k**2 + 4*k - 6. Let j be b(a). What is v(j)?
-7
Let v be (-16)/1*20/40. Let c = 16 - 13. Let f(g) = -9 - 3*g**c - 8*g**2 - g**3 - 2*g + 3*g**3. Determine f(v).
7
Let j(a) = a - 1. Suppose 7 = -7*h + 28. Suppose 8*w = h*w. Suppose -5 = g - 4*f, 3*g + f = -w*f - 2. What is j(g)?
-2
Let g(d) be the third derivative of d**4/4 + d**3/3 - 13*d**2 - 5*d. Suppose -7*j = -4*j - 6. Determine g(j).
14
Suppose 5*k - 5*x - 200 = 0, -k - 2*k = 5*x - 104. Let a = k - 37. Let g(c) = 1 - 4*c + c + a. What is g(6)?
-16
Let y(b) be the second derivative of b**6/120 + b**5/12 + b**4/8 + b**3/2 + 37*b**2/2 - 50*b + 1. Let t(l) be the first derivative of y(l). Give t(-3).
12
Let p(n) = -617 + 208 - n + 207 - 2*n + 199 - n**2. Let x be (2*-1)/(-2) - 4. Calculate p(x).
-3
Let n(r) = -12*r**2 - 4*r - 12 + 6*r**2 + 4*r**2 + r**2 + 2*r**2. What is n(6)?
0
Let m = 13 - 30. Let y = m + 14. Let q(x) = 4*x**3 - 6*x**2 + 13*x + 12. Let j(b) = -b**3 + 2*b**2 - 4*b - 4. Let u(a) = 7*j(a) + 2*q(a). What is u(y)?
-7
Let w(d) = -d**2 - d. Let x(a) = 8*a - 26. Let m(t) = 7*t - 26. Let y(c) = -6*m(c) + 5*x(c). Let q be y(9). Let s be 68/32 - (1/q - 0). Calculate w(s).
-6
Suppose 0 = -2*c + 4*n - 6*n - 14, -4*n = 3*c + 25. Suppose -88 - 68 = -6*f. Let l(p) = f - 9 - 7 - 7 - 3*p - p**2. Determine l(c).
3
Let s(d) = -672*d**2 - 3 - d**3 - 697*d**2 + 1368*d**2. Suppose -5*g + 2*z = 25, -g - 3*g = -z + 17. Let t be g/6*2 - -1. Calculate s(t).
-3
Let i(m) = -2*m**2 + 8*m + 19. Let o(y) = -1105*y + 6637. Let n be o(6). Give i(n).
-23
Let s = -34 + 34. Suppose s = 3*c + l - 4, -l - 2 = 3. Let a(r) = -r**3 + 2*r**2 + 3*r - 1. Calculate a(c).
-1
Let m be ((-1*2)/(-2))/1. Let s(o) = 8*o**3 + 132*o**2 - 2*o + 1. Let d(f) = 9*f**3 + 99*f**2 - 2*f + 1. Let i(r) = 4*d(r) - 3*s(r). Calculate i(m).
11
Let q(p) = -10*p**2 + 2*p + 1. Let o(f) = -19*f**2 + 6*f + 3. Let j(n) = -3*o(n) + 7*q(n). Give j(-1).
-11
Let j(b) be the second derivative of 3 + 19*b + b**2 + 4/3*b**3. Calculate j(-3).
-22
Let m(f) = -2*f + 12*f**3 - 5*f**3 + 4*f**3 + 4*f**2 - 11*f**3 + f**3. Suppose s = -0*n - 2*n - 13, 5*s + 33 = -2*n. Give m(n).
8
Let f(s) = s**2 - 5*s - 7. Let g = 23 - 19. Suppose -g*o = -4*x - o - 12, 3*x - 8 = -2*o. Suppose -4*a + 31 - 11 = x. What is f(a)?
-7
Let c(f) = 1. Let k(n) = -n + 10. Let t(m) = 5*c(m) - k(m). Let v = -39 - -45. Let d be (4 - (-7 + v)) + 1. Give t(d).
1
Let p(l) = -l**3 + 10*l**2 - 21*l + 4. Let a be 25/(-10)*24/(-20) + (3 - -2). What is p(a)?
-36
Let f(m) be the second derivative of -m**4/4 + 11*m**3/6 - 9*m**2 + 779*m. Calculate f(5).
-38
Let u(l) be the first derivative of -l**3/3 - 5*l**2 - 2*l + 6135. Let h be (2*(-2 - -6))/(-1). Determine u(h).
14
Let b(u) = -u + 1. Let m be 31/11 - (-4)/22. Let a be b(m). Let y(w) = -w**2 - 2*w + 3. Let z be y(a). Let t(n) = -n + 2. What is t(z)?
-1
Let x(h) = -3*h**2 + 23*h - 12. Let s be x(7). Let q(v) = -v - 1428*v**s + 1429*v**2 + 0*v - 23. What is q(0)?
-23
Let h(m) = -48*m**3 - 9*m**2 - 4*m - 11. Let r(j) = 41*j**3 + 8*j**2 + 3*j + 10. Let o(w) = 6*h(w) + 7*r(w). Suppose 0*p - 9 = -3*p. Give o(p).
-14
Let n(f) = -11*f**2 + f. Suppose -10 = 5*t, 92 = 2*j + 3*j - t. Suppose 2*a + 144 = j*a. Let v = -8 + a. What is n(v)?
-10
Let y(q) = -32*q + 9*q + 4*q + 12*q + 23 + 8*q. Give y(-16).
7
Let v(d) = -65*d - 4. Let o(x) = -227*x - 12. Let m(w) = 4*o(w) - 14*v(w). Give m(-10).
-12
Let k(n) = -n**3 - n**2. Suppose 0 = -5*g - 2*a + 17, 2*a - 10 + 8 = 0. Suppose g*m = 5 + 4. What is k(m)?
-36
Let v(p) = -p**2 + 12*p - 18. Let b be (18 - (-4 + 4 + (0 - -7)))/1. What is v(b)?
-7
Let h be (-33 - (-810)/27)*4/(-6). Let y(u) = -3*u**2 + 2*u + 3. Let o(p) = -16*p**2 + 10*p + 14. Let c(m) = -3*o(m) + 14*y(m). Determine c(h).
20
Let m(a) = 12*a - 6. Let r = -48 + 43. Let p(x) = -14*x + 7. Let j(q) = r*p(q) - 6*m(q). Determine j(2).
-3
Let l = 21 - 26. Let h(b) = -4*b**2 - 2*b + 2. Let d(u) = -u**2 - u. Let a(x) = l*d(x) + h(x). Let r = -9 + 7. Calculate a(r).
0
Let q(j) = 16*j + 272. Suppose 430*v + 3395 + 2181 = 102*v. What is q(v)?
0
Let q(k) = k**2 + 0*k**3 - 3*k - 1 - k**3 + 0*k**3 + 2*k. Let o be q(-1). Let j(l) = 3*l + l**3 + 255 - 128 - 127 - l. What is j(o)?
12
Let m(q) = 23*q. Let b(o) = 2*o**3 + 42*o**2 - o - 22. Let j be b(-21). Let n be (j/1)/((-16)/(-16)). Determine m(n).
-23
Let f(u) = 5*u**2 + u - 3. Let r = -450 + 461. Suppose -c = -5*w + 8 - r, -2*c + 4*w = 0. What is f(c)?
15
Let b(j) = 6*j - 227. Let x(d) = 12*d - 918. Let u(t) = 9*b(t) - 2*x(t). What is u(7)?
3
Let l(m) = -m**3 + 8*m**2 - 4*m - 13. Let v(y) = y + 2. Let w be v(4). Let o be l(w). Let f = -42 + o. Let g(b) = b**3 + 6*b**2 - 9*b + 1. Determine g(f).
15
Let q(s) = -9*s - 8. Let x(c) = -7*c - 9. Let d(v) = 4*q(v) - 5*x(v). Determine d(25).
-12
Let a(z) = z**3 + 24*z**2 + 43*z - 19. Let m be a(-22). Let r(s) = m*s + 2*s - 9*s - 7 + 2. Calculate r(-6).
19
Let t(u) = -9*u - u**2 - 7*u + 175736 - 175742 + 5*u. What is t(-9)?
12
Suppose 0 = -30*i + 24*i - 36. Let q(u) be the first derivative of -u**2 - 18*u - 539. Calculate q(i).
-6
Let d(r) = -3*r**2 - 36*r - 93. Let q be d